 is the hundreds digit of m(k)?
2
Let n = -1466 - -740. Let z = n - -1601. Suppose 0 = 5*u - 5*d - z, -3*u = 4*d - 339 - 151. What is the hundreds digit of u?
1
Suppose 23*q = -2*u + 19*q + 67522, -2*q = 4*u - 135008. What is the units digit of u?
9
Suppose -8*d = 4*p - 3*d - 40765, -6*d + 10215 = p. What is the hundreds digit of p?
1
Let d(l) = 2*l**3 + 15*l**2 - 9*l - 8. Let w be d(-8). Let j be ((-1)/3 - w)*0. Suppose -8*s + 11*s - 312 = j. What is the hundreds digit of s?
1
Let a = 113 - 88. Suppose k = -20 + a. Suppose -2*j + 317 = w, -k*j = -5*w + 418 - 1173. What is the hundreds digit of j?
1
Suppose -3*v - 16 = -2*j - 4, -2*j + 10 = -2*v. Suppose j*d + 1268 = 395. Let b = -192 - d. What is the units digit of b?
9
Let i be 0*((-4)/3)/4. Let f(u) = 7*u. Let w be f(i). Suppose w = -c + 6*c - 670. What is the tens digit of c?
3
Let h(m) = -2*m**2 - 31 + 51 + 21*m + 4*m**2 + 73. What is the hundreds digit of h(-14)?
1
Let o(d) = -d**3 + 9*d**2 - 7*d + 24. Let f be o(6). What is the units digit of -6*3/(-15)*f/2?
4
What is the tens digit of 44810 + -1 + (22 - (-380)/(-20)) - -5?
1
Let a(y) = 40*y**2 - 2*y. Let l be a(4). Suppose -2*u - 2*i - 218 = 0, 2*i + l = -4*u + 204. Let h = u + 257. What is the tens digit of h?
5
Suppose -8*l = 4 - 28. Suppose -5*j = -3*z + 1234, -l*j = 3*z - 2*j - 1204. What is the units digit of z?
3
Let i = 3497 - -1909. What is the tens digit of i?
0
Let v(j) = -6*j + 284. Let k be 2*1/6 - (-16)/(-48). What is the hundreds digit of v(k)?
2
Let m(q) = -q**3 + 31*q**2 + 31*q + 30. Let o be m(32). What is the units digit of (4 + 2 + 89)*(-2)/o?
5
Suppose 2*h + 122 = -3*n, -3*n + 29 = -4*n - 3*h. Let i be (60/(-60))/(-1 + 167/168). Let o = i + n. What is the hundreds digit of o?
1
Let y(p) = 35*p**2 - 6*p + 22. Let n be y(-5). Suppose n + 1131 = 3*d. What is the tens digit of d?
8
Let r(d) = -d**2 + 7*d - 3. Let i be r(4). Let v(a) = -a**3 - 11*a**2 - 2*a + 642. Let g be v(0). Suppose -i*w + 555 = -g. What is the tens digit of w?
3
Suppose 1247*r - 39015 = 1230*r. What is the units digit of r?
5
Let s = 12880 + -11800. What is the hundreds digit of s?
0
Let k = -1343 - -2560. What is the tens digit of (k + 0 - -4) + (-10 - -12)?
2
Let z be (2 - 8/6)/((-2)/18). Let u be 488/(-3) - (-2)/z. What is the hundreds digit of u*(-1 + -2 + 2)?
1
What is the hundreds digit of 79/(342/(-69) - 5*7/(-7))?
8
Suppose -3*s = 5*z - 38921, -z + 9792 = -s + 2011. What is the hundreds digit of z?
7
Suppose 5*c - 4*u - 80 + 6 = 0, 2*c - 16 = 5*u. Suppose 15*j = c*j - 6. Suppose -3*k = 5*a - 86, j*k = 5*k - 5*a - 46. What is the tens digit of k?
2
Let a(r) = 4958*r - 189. What is the units digit of a(10)?
1
Let r(b) = -b**2 + 16*b + 25. Let t be r(17). Suppose -20 = -2*o - t*o. Suppose 39 + 43 = o*m. What is the units digit of m?
1
Let q(v) = 3*v + 1. Let a be q(-1). Suppose -43*p - 10 = 162. What is the units digit of a*(13/(-2) - p)?
5
Let l = 431 + -459. What is the tens digit of l*24/(-42) - (5 + -1)?
1
Suppose z = -2*z - 3, -3*r + 2*z - 4 = 0. Let g be (-1)/(-2 - 3/r). Suppose -1182 = -4*c - c - g*i, -2*c - 2*i + 468 = 0. What is the tens digit of c?
3
Let l be (3 - 0)/((-104733)/8730 + 12). Let y = 1841 - l. What is the hundreds digit of y?
8
Let j be (-8)/(-6) - (-6)/9. Suppose v - 62 = -0*b - j*b, -b - 212 = -4*v. What is the units digit of v?
4
Suppose -130*g - 66*g + 5273400 = 59*g. What is the ten thousands digit of g?
2
Suppose 0 = -c + 2*i + 80 - 76, -3*c + 4*i + 8 = 0. Suppose -3*t + 2*b = -173 - 4997, c = -3*b + 12. What is the tens digit of t?
2
Suppose k - 1017 = 10*y - 7*y, 2*y = k - 1017. Suppose -10*v + 11937 - k = 0. What is the thousands digit of v?
1
Let v(d) = -12*d**2 + 380*d + 208. What is the hundreds digit of v(27)?
7
Let t(h) = -6*h + 44. Let k be t(14). Let s = -102 - -158. Let n = s + k. What is the units digit of n?
6
Let f be 21 + (0 + 6 - 4). Let j(r) = r**2 - r - 3. Let g be j(-2). Suppose -g*t + f = -16. What is the tens digit of t?
1
Let m be (85/10 + -4)*14. Suppose 2*d + 1 - m = 0. Suppose -5*s - 380 = -5*j, -5*j - 4*s + 393 = d. What is the units digit of j?
4
Suppose 0 = 12*c + 1516 - 40756. Suppose -2*p = g - 1296, c = -11*p + 16*p - 5*g. What is the hundreds digit of p?
6
Let a = 195 - 188. Suppose -700 = -a*p + 231. What is the hundreds digit of p?
1
Let z = -132173 + 203835. What is the hundreds digit of z?
6
Let n be 1242/8 - (-1 + 30/24). Let k = -33 + n. What is the units digit of k?
2
Suppose 0 = a - 3*p - 1, -5*a - 65 = -0*p - p. What is the hundreds digit of ((-1)/(-2))/(a/(-11368))?
4
Let k be (-5)/(10/1)*332. Let v be (-2 + -1)/(-3)*(0 + k). Let f = -94 - v. What is the units digit of f?
2
Let c(r) = 2823*r - 1495. What is the units digit of c(10)?
5
Let j(x) = -4*x**3 - 164*x**2 - 72*x + 13. What is the hundreds digit of j(-41)?
9
Let d(t) = 93*t**3 + 2*t**2 - 1. Let y be (-125)/(-7) + (88/28 - 3). Let z = y - 17. What is the units digit of d(z)?
4
Let t(z) = -z**2 - 10*z - 54. Let s be t(-11). Let u = s - -397. What is the tens digit of u?
3
Let m = 40 - 86. Let n = 46 + m. Suppose n = -5*f + 35 + 115. What is the units digit of f?
0
Let z(f) = f**3 - 3*f**2 + 7*f + 43. Let b be z(-10). Let u = 2212 + b. What is the units digit of u?
5
Let p(i) = -9*i**3 + i**2 + 3*i + 1. Let d be p(-3). Let j be (-13)/((-117)/(-18)) + 4. Suppose 4*v - d = -2*t, -2*t = -t + j. What is the units digit of v?
2
Suppose -4*j = -j + 3. Let u be 181/4*(3 + -7)*j. What is the tens digit of 15/(-60) + u/4?
4
Suppose 14*u = -3*u + 153. Suppose 2312 = u*j - 3961. What is the hundreds digit of j?
6
Suppose -2*k = 4*h - 64, 2*k + 91 = 5*h + 20. Suppose 7*x - 2*x = h. Suppose -4*j + 472 = x*a, -j - 1 = -5. What is the hundreds digit of a?
1
Let s(v) be the second derivative of v**5/20 - 29*v**4/12 - 4*v**3/3 + 79*v**2/2 - 32*v - 1. What is the tens digit of s(30)?
3
Suppose -2*l - 14 = -4, p = -4*l - 18. Suppose 5*i + 10*f - 2209 = 12*f, -p*f - 4 = 0. What is the units digit of i?
1
Suppose 5*w - 222634 = -a, 146*a - 142*a + 133562 = 3*w. What is the tens digit of w?
2
Let c(p) = -5*p + 206. Let m(o) = -o. Let x(r) = c(r) + 5*m(r). What is the units digit of x(-46)?
6
Suppose 0 = -0*l - 5*l + 1840. Let m = 121 - l. What is the hundreds digit of (-38)/m - 5950/(-26)?
2
Let l = -8935 + 15485. What is the hundreds digit of l?
5
Let h(s) be the first derivative of s**3/3 + 17*s**2/2 + 33*s - 8. Let m be h(-15). What is the units digit of (-81)/18*(-20)/m?
0
Let k = 48 - 46. Let z(m) = 3 - 4*m**k + 3 + 9*m**2 + 5*m**2 + m**3 - 12*m. What is the tens digit of z(-11)?
1
What is the ten thousands digit of 5/15 + ((-20744542)/42)/(-19)?
2
What is the units digit of (8126 - (11 - 11)) + -11?
5
Let v be (4/10*2)/((-6)/(-15)). Let p = v + 2. Suppose 2*w = -n - n + 90, p*n - 20 = 0. What is the tens digit of w?
4
Let b(h) = h**3 - 19*h**2 + 18. Let m be b(19). Let f(o) = o**2 + o - 9. What is the tens digit of f(m)?
3
Suppose 7*h - 1771 = 6643. Let u = h - -314. What is the thousands digit of u?
1
Suppose -8*l + 11 = -93. Let d be l/2 - (-3)/(-6). Suppose -2*o - 4 = 0, -2*m - d*o = -2*o - 38. What is the tens digit of m?
2
Let k(t) = 19*t + 1. Let c be k(-4). Suppose 4*m + 2*h - 868 = -2*h, -2*h = -3*m + 676. Let a = c + m. What is the units digit of a?
7
Suppose -5*o + 0 = 15, 3*q - 2388 = -5*o. Suppose 0 = z - q + 135. What is the hundreds digit of z?
6
Suppose 0*x - 9*x = x - 13670. What is the units digit of x?
7
Let r(v) = -v**3 + 25*v**2 - 35*v - 44. Let p be r(23). Suppose 3*h - p = -2*b + 41, b = -4*h + 325. What is the tens digit of h?
8
Let u(t) = 2*t - 18. Let o be 10*(6/14 + 190/(-35)). Let z = o - -77. What is the units digit of u(z)?
6
Suppose -5*g = -9*g - 24. Let t = 29 + g. Let d = t - -32. What is the tens digit of d?
5
Suppose -4*o + 10 = 2*d - 6, -3*o + 12 = 3*d. Suppose d = -3*a - 4*q + 13, -3*a - 3*q + 0 = -15. Let p = a + 20. What is the units digit of p?
7
Let i be 31/7 + (-18)/42. Let g be i/20 + 6688/10. Let d = g + -473. What is the units digit of d?
6
Suppose -3*y - 23667 = -4*j, 22*j + 23663 = 26*j + y. What is the hundreds digit of j?
9
Let s(m) = m**2 - 50*m + 1304. What is the units digit of s(42)?
8
What is the thousands digit of 300/(-15)*(-968 + 0)?
9
Suppose -606*m - 69024 = -590*m - 38961